9 a prime number?
True
Is 1715294953 composite?
True
Is 2093859701 a composite number?
False
Is 33861889571 a composite number?
False
Is 4252132923 a prime number?
False
Is 192899101 composite?
False
Is 10274261927 a prime number?
True
Is 60180046757 a composite number?
False
Is 5889528341 a prime number?
False
Is 177652001 a prime number?
True
Is 118130612137 prime?
True
Is 5555401 composite?
False
Is 33299168801 composite?
False
Is 16369284647 a composite number?
True
Is 489897461 a composite number?
False
Is 596742197 a prime number?
True
Is 30817673401 prime?
True
Is 153797057737 prime?
True
Is 899005181 prime?
False
Is 41983039101 prime?
False
Is 7751278477 a composite number?
False
Is 317310424793 a composite number?
False
Is 2058732853 a prime number?
True
Is 5687712397 prime?
True
Is 2550571627 a composite number?
True
Is 484900303 prime?
True
Is 3409126351 composite?
False
Is 4758020381 prime?
True
Is 84554660459 composite?
True
Is 38242269529 a composite number?
False
Is 807267691 a prime number?
True
Is 1021793083 a composite number?
False
Is 1960355857 a prime number?
True
Is 76256053 a composite number?
False
Is 3016599059 composite?
False
Is 11841376867 a prime number?
True
Is 4752076543 a composite number?
False
Is 11365637201 composite?
False
Is 2147921998 a prime number?
False
Is 2059596923 prime?
False
Is 30439851643 prime?
False
Is 2720635321 a composite number?
True
Is 7189718917 prime?
True
Is 22464757129 composite?
False
Is 2981377207 composite?
True
Is 179816165 composite?
True
Is 2543846281 composite?
False
Is 3935595505 a prime number?
False
Is 2412891251 a composite number?
False
Is 159997899961 prime?
True
Is 1335219857 prime?
False
Is 128716090177 a prime number?
False
Is 4812705397 a composite number?
False
Is 181033536661 a prime number?
True
Is 19762222499 a composite number?
False
Is 5155482991 a prime number?
True
Is 194529143 composite?
False
Is 3285603007 a composite number?
True
Is 604146721 composite?
False
Is 6657107473 a prime number?
False
Is 1815996333 a composite number?
True
Is 2186561327 a prime number?
True
Is 1611160757 composite?
True
Is 77079527333 prime?
True
Is 12169426729 composite?
False
Is 2759921713 a prime number?
True
Is 2796674521 a prime number?
True
Is 79262639 composite?
True
Is 66607308023 prime?
False
Is 5587592137 prime?
False
Is 1901281477 prime?
False
Is 5223814067 a composite number?
True
Is 20491795249 prime?
True
Is 3386216829 a prime number?
False
Is 3518946181 prime?
True
Is 10413739331 a prime number?
False
Is 125128218763 a composite number?
False
Is 1524960751 composite?
False
Is 47957453749 composite?
True
Is 13580712895 composite?
True
Is 779868503 a composite number?
True
Is 26848819 a composite number?
True
Is 150067777 composite?
False
Is 8891315599 composite?
True
Is 529871393 a prime number?
False
Is 1547361323 prime?
False
Is 104651359 a composite number?
False
Is 329176147 composite?
False
Is 164235229 composite?
False
Is 615658117 a composite number?
False
Is 151194689377 a composite number?
False
Is 426369887 prime?
True
Is 13171338241 composite?
True
Is 1146352303 prime?
True
Is 2308017883 prime?
True
Is 6114260049 prime?
False
Is 6023641711 composite?
False
Is 38025833387 prime?
True
Is 483280906 composite?
True
Is 684532613 prime?
True
Is 1001952719 prime?
True
Is 7838965339 prime?
False
Is 79741599317 a composite number?
True
Is 57673165447 a composite number?
True
Is 2311146251 prime?
True
Is 745124299 prime?
False
Is 19447310791 prime?
True
Is 8081650471 a prime number?
False
Is 4896968077 composite?
True
Is 773738249 a composite number?
True
Is 784103227 prime?
True
Is 729814687 prime?
False
Is 67109278045 a composite number?
True
Is 64206976039 a prime number?
False
Is 74905304503 composite?
True
Is 1393757567 composite?
True
Is 17082789589 a prime number?
False
Is 1966825087 composite?
False
Is 3126371981 a composite number?
False
Is 127947537667 prime?
False
Is 1123619039 a prime number?
True
Is 1140925039 a composite number?
False
Is 7748687053 composite?
False
Is 7205084461 a prime number?
True
Is 1305010013 composite?
False
Is 8340551717 composite?
True
Is 2135144069 a prime number?
True
Is 152128379497 a prime number?
True
Is 38019424523 prime?
True
Is 849748463 composite?
False
Is 3299692927 composite?
True
Is 8404896211 a composite number?
False
Is 35281427471 prime?
False
Is 107063003543 prime?
False
Is 73167259643 prime?
False
Is 9511719299 prime?
False
Is 236291851 prime?
False
Is 265402339 composite?
True
Is 3129155969 prime?
False
Is 314296319 composite?
False
Is 18607392651 a composite number?
True
Is 5537795371 a prime number?
True
Is 5910824117 prime?
False
Is 6229128163 a prime number?
True
Is 20338560791 prime?
False
Is 375336923 a prime number?
False
Is 710761193 composite?
True
Is 160668699245 a composite number?
True
Is 28130641547 composite?
True
Is 139217825267 composite?
False
Is 16364712371 prime?
False
Is 26947603259 a composite number?
False
Is 5731953457 prime?
False
Is 4498890559 a composite number?
True
Is 8251830341 a prime number?
True
Is 11327972659 composite?
True
Is 6200545049 composite?
False
Is 676146607 a composite number?
True
Is 4668961823 a composite number?
True
Is 55799089 prime?
False
Is 105542273351 prime?
False
Is 4919127035 a composite number?
True
Is 3751574033 a prime number?
False
Is 3938708821 a composite number?
False
Is 405258359047 prime?
True
Is 4960856867 a composite number?
True
Is 2815962511 composite?
False
Is 4013685133 a composite number?
False
Is 5376103871 a prime number?
True
Is 1542678805 a prime number?
False
Is 459580391 composite?
True
Is 7895283989 a composite number?
False
Is 320198741 composite?
True
Is 2046905819 prime?
False
Is 15798806761 a composite number?
False
Is 246648797113 prime?
True
Is 476431027 a prime number?
True
Is 3260056729 a composite number?
False
Is 36566164627 prime?
True
Is 1200135089 a prime number?
True
Is 2779173197 prime?
False
Is 270597463 a prime number?
False
Is 41825982703 prime?
True
Is 1220575087 a composite number?
False
Is 692016167 prime?
True
Is 9716987611 a composite number?
False
Is 25938637331 a prime number?
False
Is 9840446723 a prime number?
True
Is 1518579373 composite?
True
Is 238269181 a prime number?
False
Is 2408389253 prime?
True
Is 217820891 a prime number?
True
Is 6991772803 prime?
True
Is 1678677629 a composite number?
False
Is 163223731 a prime number?
False
Is 1289465933 a prime number?
False
Is 300279545 a composite number?
True
Is 921516899 a prime number?
True
Is 1041962539 composite?
False
Is 112397265497 composite?
True
Is 690001343 a composite number?
False
Is 5364009421 a prime number?
True
Is 729737821 composite?
True
Is 11249299513 composite?
False
Is 5679568649 a prime number?
True
Is 2075882839 a composite number?
False
Is 270719623 prime?
False
Is 21387511703 composite?
True
Is 39865182967 prime?
False
Is 1634434001 composite?
False
Is 10950833981 a prime number?
True
Is 220313954051 a composite number?
False
Is 206408886997 prime?
True
Is 7824565697 prime?
False
Is 16159456223 a prime number?
False
Is 4421436407 a prime number?
True
Is 5909482981 a prime number?
True
Is 5055041957 composite?
True
Is 12957442571 a prime number?
False
Is 609807131 a composite number?
True
Is 21325713163 prime?
True
Is 20058288577 prime?
False
Is 48033299 prime?
True
Is 9519426559 composite?
True
Is 94585788211 a composite number?
False
Is 4273595047 prime?
True
Is 4031205445 a composite number?
True
Is 18083020817 a prime number?
True
Is 1689672991 composite?
False
Is 11757699607 a prime number?
False
Is 14386051 composite?
True
Is 480645197 a composite number?
True
Is 2247898097 composite?
False
Is 5162720883 prime?
False
Is 90486267517 a composite number?
True
Is 99114683 prime?
False
Is 89620693 a prime number?
False
Is 14992000105 composite?
True
Is 120151818859 a prime number?
True
Is 2638381411 composite?
True
Is 76483924599 composite?
True
Is 18231801781 prime?
True
Is 3054844409 composite?
False
Is 2268022811 composite?
False
Is 6475465307 composite?
False
Is 1093915289 a composite number?
True
Is 36922458113 prime?
True
Is 559869481 a composite number?
False
Is 10366457053 a prime number?
False
Is 6640629643 prime?
False
I